s -a - 11?
-1b
In base 15, what is 1e8 + -2?
1e6
In base 8, what is 1446 - 4?
1442
In base 13, what is -4 + -23?
-27
In base 10, what is 84 - -22?
106
In base 6, what is -20 + -414?
-434
In base 3, what is -20 + 12101?
12011
In base 3, what is -12 + -2212?
-10001
In base 8, what is -35156 + 4?
-35152
In base 10, what is 8343 + 0?
8343
In base 14, what is 397 - -3?
39a
In base 2, what is -10011101110 + -1?
-10011101111
In base 9, what is -22350 - 1?
-22351
In base 12, what is -2 - -112?
110
In base 13, what is -2 - -ac?
aa
In base 5, what is 400 - 3?
342
In base 5, what is 140 + 123?
313
In base 15, what is -3 - -63?
60
In base 12, what is -67 - 48?
-b3
In base 8, what is 5 - 2656?
-2651
In base 5, what is -3 + 14101?
14043
In base 4, what is 3312 + 1?
3313
In base 2, what is 111110 + 101?
1000011
In base 4, what is -200220 + 10?
-200210
In base 9, what is -5 - 2602?
-2607
In base 10, what is 142 + -24?
118
In base 3, what is 1022101 + -12?
1022012
In base 13, what is -232 - -3?
-22c
In base 2, what is -1001 + 11?
-110
In base 2, what is -1001 + -1011?
-10100
In base 11, what is -6 - 138?
-143
In base 15, what is -cb - -4?
-c7
In base 4, what is -103 - -130?
21
In base 13, what is 13b - -5?
143
In base 4, what is 132310 - 2?
132302
In base 8, what is 0 - -442?
442
In base 7, what is 100 + 22?
122
In base 12, what is 0 + 3b?
3b
In base 9, what is -5 - -5675?
5670
In base 3, what is 1022 + 2011?
10110
In base 2, what is -10011 - -11010100?
11000001
In base 10, what is 3 + 27?
30
In base 13, what is -8 - -34?
29
In base 13, what is -3 + -15?
-18
In base 12, what is -1 - -67?
66
In base 9, what is 178 + -5?
173
In base 12, what is -3 - -b22?
b1b
In base 13, what is 452 - 2?
450
In base 3, what is -10 + 121212?
121202
In base 4, what is 123 - 23021?
-22232
In base 10, what is 12 + 13?
25
In base 16, what is -49 + 3?
-46
In base 11, what is -1948 - -10?
-1938
In base 12, what is 22 - 46?
-24
In base 13, what is 280 - 6?
277
In base 12, what is -233 + -4?
-237
In base 3, what is -21200 + 21?
-21102
In base 9, what is -25 - 104?
-130
In base 15, what is 3 + 8c?
90
In base 10, what is -6 - -42?
36
In base 2, what is -10110011 - -1011100?
-1010111
In base 4, what is 20 + 12211?
12231
In base 4, what is 32 + 12133?
12231
In base 11, what is 47 - 11?
36
In base 8, what is -5 - 240?
-245
In base 11, what is 2129 - 1?
2128
In base 10, what is 1749 + 2?
1751
In base 2, what is -1010010 - -100?
-1001110
In base 12, what is -841 - 9?
-84a
In base 9, what is -3 - -2774?
2771
In base 10, what is 3 - -27?
30
In base 16, what is 7 + -48?
-41
In base 7, what is 0 + 4016?
4016
In base 5, what is 103 + -31?
22
In base 6, what is 3 + 33?
40
In base 4, what is 11 + -212201?
-212130
In base 3, what is 20020 - -11?
20101
In base 15, what is 0 - -23?
23
In base 5, what is 3 - 4223?
-4220
In base 8, what is -1430 + 12?
-1416
In base 5, what is -1 - 4412?
-4413
In base 16, what is -f9d + 5?
-f98
In base 10, what is -1886 - -9?
-1877
In base 16, what is 5 - -161a?
161f
In base 5, what is 142 - 201?
-4
In base 8, what is -1 - -367?
366
In base 5, what is -4 - -301?
242
In base 6, what is 1 + -1034?
-1033
In base 12, what is 28b + -4?
287
In base 13, what is 61 + 6?
67
In base 12, what is 3 + -644?
-641
In base 6, what is 2 - 12425?
-12423
In base 13, what is -4 - 1272?
-1276
In base 10, what is -1 + 119?
118
In base 15, what is 5ea6 - 4?
5ea2
In base 9, what is -2 + 170?
167
In base 5, what is -122 + 31?
-41
In base 13, what is 320 + -1?
31c
In base 11, what is 26 - 6?
20
In base 16, what is 9d + -1?
9c
In base 8, what is 3103 + 3?
3106
In base 15, what is 159 - 0?
159
In base 2, what is 100 + 101101?
110001
In base 5, what is -1333 + -3?
-1341
In base 16, what is -7bd - 2?
-7bf
In base 6, what is -5 - 12213?
-12222
In base 3, what is -102121 + -1?
-102122
In base 11, what is -8 + 39?
31
In base 6, what is -1344 - 2?
-1350
In base 8, what is -363 - -1?
-362
In base 15, what is 218 - -5?
21d
In base 3, what is -21110 + -11?
-21121
In base 11, what is 5 - 111?
-107
In base 15, what is 5 + 150?
155
In base 12, what is -4 - b3?
-b7
In base 9, what is 5 + 650?
655
In base 9, what is -15 - 18?
-34
In base 2, what is 10 + -110000?
-101110
In base 11, what is -14699 + -1?
-1469a
In base 6, what is -5 - 220?
-225
In base 12, what is a37 - -2?
a39
In base 12, what is -9a + b?
-8b
In base 5, what is 23241 - 11?
23230
In base 10, what is 66 + -4?
62
In base 6, what is -430 + 2?
-424
In base 4, what is 113021 + 10?
113031
In base 8, what is 4 + 411?
415
In base 4, what is -312112 - 21?
-312133
In base 7, what is -364 + -14?
-411
In base 12, what is 922 + -10?
912
In base 14, what is -3 - 8?
-b
In base 15, what is -3 - -4b?
48
In base 12, what is -12 - 29?
-3b
In base 8, what is -1042 - 1?
-1043
In base 8, what is 46365 - -5?
46372
In base 4, what is 20 - 1200?
-1120
In base 6, what is 5543 + 5?
5552
In base 9, what is -36 - 37?
-74
In base 11, what is -53 + 3?
-50
In base 7, what is 6 + -21?
-12
In base 14, what is c9 - 5?
c4
In base 15, what is -2 - 225?
-227
In base 14, what is -4 + 61?
5b
In base 8, what is -15 - -476?
461
In base 5, what is -110 + -31?
-141
In base 6, what is 4231 + -2?
4225
In base 3, what is -21 + -222022?
-222120
In base 15, what is c4 - 1d?
a6
In base 9, what is 118 - 2?
116
In base 3, what is -121121 - -12?
-121102
In base 5, what is -42303 - 10?
-42313
In base 12, what is 10 + 296?
2a6
In base 13, what is 162 + 4?
166
In base 7, what is -26 - -556?
530
In base 3, what is 10 - -20001212?
20001222
In base 8, what is 1 - 3224?
-3223
In base 3, what is -20002 + 12?
-12220
In base 10, what is 3206 + 0?
3206
In base 6, what is -4 + 242?
234
In base 11, what is 1 - -a8?
a9
In base 3, what is -11002 + -212?
-11221
In base 10, what is 608 - -1?
609
In base 15, what is 2 - 207e?
-207c
In base 8, what is 35 - 2?
33
In base 15, what is 4a + -7?
43
In base 14, what is -3 - bb5?
-bb8
In base 10, what is 72 + 2?
74
In base 4, what is 0 + 2113?
2113
In base 5, what is -1220433 + 0?
-1220433
In base 15, what is 169 - -1?
16a
In base 13, what is -1 + 6b?
6a
In base 2, what is -100 - 1000011100?
-1000100000
In base 4, what is -11010 - -231?
-10113
In base 14, what is -3a4 + 24?
-380
In base 11, what is 3 + -381?
-379
In base 16, what is 5 + -9fd?
-9f8
In base 6, what is -25 - 4042?
-4111
In base 12, what is -7499 - 0?
-7499
In base 6, what is -1044 + 55?
-545
In base 2, what is -101 + -1010000?
-1010101
In base 7, what is -163 + 0?
-163
In base 7, what is 1 - 5005?
-5004
In base 11, what is -567 - -1?
-566
In base 3, what is 1 - 21122?
-21121
In base 4, what is -10 - -210?
200
In base 15, what is -2 - 949?
-94b
In base 7, what is -221 + -16?
-240
In base 11, what is 35 - -a6?
130
In base 2, what is 1101111 + -100?
1101011
In base 9, what is -1136 - 6?
-1143
In base 12, what is 11 - -412?
423
In base 9, what is -3 - -1148?
1145
In base 8, what is 535 - -1?
536
In base 10, what is -82 + 0?
-82
In base 4, what is 110 + 2?
112
In base 4, what is 221 - 2?
213
In base 9, what is 1 + 517?
518
In base 2, what is -10100110011 + -101?
-10100111000
In base 10, what is -4 - -183?
179
In base 11, what is -5 + 744?
73a
In base 15, what is -4 + -8?
-c
In base 14, what is -12 - b?
-1d
In base 12, what is 409 + 4?
411
In base 6, what is 4 - 102230?
-102222
In base 10, what is -1648 - 1?
-1649
In base 12, what is 19 - -161?
17a
In base 3, what is -2122111 - 0?
-2122111
In base 13, what is -294 - -9?
-288
In base 3, what is 10 - -220110?
220120
In base 16, what is -6 - -5?
-1
In base 4, what is -313 + 232?
-21
In base 10, what is 0 + 16?
16
In base 9, what is -3 - 1417?
-1421
In base 11, what is -51 + -a?
-60
In base 15, what is -a8 - -c?
-9b
In base 14, what is -13 + -6c?
-81
In base 5, what is 3 + -312?
-304
In base 11, what is 5 - -8?
12
In base 13, what is 3 + 4?
7
In base 15, what is -3e + -5?
-44
In base 7, what is 1 + 116?
120
In base 8, what is -37 - -2?
-35
In base 10, what is 29042 - -2?
29044
In base 13, what is 60 + -b?
52
In base 6, what is -3 + 13150?
13143
In base 7, what is -662 - -22?
-640
In base 10, what is 4 + 0?
4
In base 7, what is -1616 + -2?
-1621
In base 12, what is 0 - -5b?
5b
In base 2, what is -1 + 11111001001?
11111001000
In base 11, what is -2 - -70?
69
In base 13, 